 -69 - i. What is the remainder when d is divided by (448/(-84))/((-48)/108)?
10
Let w(h) = 9*h**2 + 5*h + 4. Calculate the remainder when 268 is divided by w(-2).
28
Suppose 56 + 113 = g - 5*u, u = g - 157. Calculate the remainder when g is divided by 53.
48
Suppose -6*x + 3*x + p - 313 = 0, 2*x + 213 = 5*p. Let u = -84 - x. Calculate the remainder when 159 is divided by u.
19
Let l = 39 + 92. What is the remainder when l is divided by 15?
11
Let b(a) = a**2 - 4*a - 2. What is the remainder when 171 is divided by b(-5)?
42
Suppose 260 = 2*p - o, 2*o = -3*p - 2*o + 368. Let y = 203 - p. What is the remainder when y is divided by 27?
21
Let l = 33 + -39. What is the remainder when 178 is divided by 3 - 0 - l*7?
43
Suppose 4*p = 22 + 18. Let q(t) = 2*t + 10. What is the remainder when 89 is divided by q(p)?
29
Let l(d) = d**3 + 2*d**2 - 5*d + 2. Calculate the remainder when l(5) is divided by 12.
8
Suppose -5*a - 2*n = 8, -5*a + n - 4*n - 12 = 0. Suppose a + 3 = -3*z. What is the remainder when 51 is divided by 12 + 4/(z + 5)?
12
Let n be -31 + 0 - 15/(-5). Suppose -9*x - 188 = 82. Let s = n - x. Calculate the remainder when 4 is divided by s.
0
Let u(y) = 5*y**2 - 32*y - 106. Calculate the remainder when 67 is divided by u(-3).
32
Suppose 2*c + 2 = -4*o + 28, -o = -5*c + 10. Suppose 0 = 4*g + 3*n + 2*n - 40, -21 = -o*g + n. What is the remainder when 18 is divided by g?
3
Let i = -30 - -30. Calculate the remainder when (6/9)/(3/252 + i) is divided by 12.
8
Suppose f + r - 23 = 0, f + 4*f - 123 = -3*r. Calculate the remainder when 294 is divided by f.
24
Suppose 0*n - 40 = -8*n. Suppose 0 = -3*v + z + 176, -3 - 220 = -4*v - z. Suppose -162 = -n*k - v. Calculate the remainder when k is divided by 8.
5
Calculate the remainder when 108 is divided by 7/1 + 61 + -10.
50
What is the remainder when 127 is divided by 132/6 - (2 - 3)/1?
12
Let p(i) = -i**3 + 0 + 0*i**2 - 2 - i**3 + 2*i**2. Let b = -4 + 22. Calculate the remainder when p(-3) is divided by b.
16
Let i(n) = n + 5. Let t be i(-5). Let v = 48 - 54. Let j = t - v. Calculate the remainder when 15 is divided by j.
3
Suppose 4*z - 3*z = 25. What is the remainder when (0 - -104) + (-5 - 4) is divided by z?
20
Suppose 8 = 3*n + 4*w, 3*w - 6 = -n - 3*n. Suppose 0 = 3*r - h - 133, 5*h - 145 = -3*r - n*r. Calculate the remainder when r is divided by 12.
9
Let t(n) = 9*n**2 + 3*n + 21. What is the remainder when t(-4) is divided by 12?
9
Let j = -24 + 29. What is the remainder when 1*24 + j + -5 is divided by 16?
8
Suppose -9 = 11*f - 14*f. Suppose 0 = -5*o + 4*o + 4, -38 = -f*t + o. What is the remainder when 21 is divided by t?
7
Let m(l) be the first derivative of 2*l**3/3 + 4*l**2 - 1. What is the remainder when m(-6) is divided by (-3)/9 - 40/(-3)?
11
Let g = -1 + 25. Suppose -2*c + 199 = 3*c - a, 1 = a. What is the remainder when g is divided by (c/(-30))/((-4)/42)?
10
Suppose -2*j - 44 = -160. Calculate the remainder when j is divided by 4.
2
Let y(c) = 5*c. Let j be y(-3). Let i = j + 8. Let o(x) = -x**2 - 8*x + 8. Calculate the remainder when o(i) is divided by 4.
3
Calculate the remainder when 271 is divided by (36/(-15))/(24/(-160)).
15
Let h = 1969 + -1959. Calculate the remainder when 70 is divided by h.
0
Let v = -159 - -164. Suppose 3*m - 10 = -4*p, 5*m + 12 = 3*m + 2*p. What is the remainder when v is divided by m/3*-1*6?
1
Calculate the remainder when (-2)/(-4)*183 + 3/(-6) is divided by 32.
27
Let g(i) = -i**2 - i - i + 7 + i. Suppose o = -0*o. What is the remainder when 26 is divided by g(o)?
5
Suppose 0 = 2*v + 12 - 48. Let y = -3 + v. What is the remainder when 26 is divided by y?
11
Let d(t) = -t - 2. Let z be d(0). Suppose -5*p + 20 = 5. Calculate the remainder when 68 - p - z - -1 is divided by 14.
12
Suppose 2*f + 22 = 3*z, 5*f + 55 = -0*z - 2*z. Let a(s) = -2*s - 15. Let p be a(f). Suppose -24 = p*o - 9*o. What is the remainder when 46 is divided by o?
10
Let l(t) = -t**2 + 9*t + 18. What is the remainder when 287 is divided by l(9)?
17
Let b(k) = 7*k - 20. Let z be b(5). Suppose z*c - 11*c - 8 = 0. Calculate the remainder when 13 is divided by c.
1
What is the remainder when (-11)/(110/60) - -83 is divided by 66?
11
Suppose 2*s = -s + 30. Let r = 578 - 575. What is the remainder when s is divided by r?
1
Suppose -3*z + 28 + 50 = 0. Let p(o) = -o**3 + 11*o**2 - 4*o - 24. Let y be p(10). Let v = 43 - y. What is the remainder when z is divided by v?
5
Suppose 32*o - 37*o = -65. What is the remainder when 375 is divided by o?
11
Let x(d) = d**2 + 14*d + 2. Let f be x(-15). Let y = -16 + f. What is the remainder when 1/(3/(-2) + 2) is divided by y?
0
Let f(n) = -2*n**3 - 3*n - 1 + 3 + 13*n**2 + 2*n - 4*n. Calculate the remainder when 37 is divided by f(6).
5
What is the remainder when (0 - 5/(-15))*309 is divided by 12?
7
Let y(f) = f**3 - f**2 + f + 2. Suppose -2*h = 2*h - 16. Suppose h*m - 6 = 2. What is the remainder when 22 is divided by y(m)?
6
Suppose -4*c + 2*c + 8 = 4*b, 5*c + 2*b + 4 = 0. Calculate the remainder when -76*1/c + 3 is divided by 22.
19
Let u(q) = -q**3 + 6*q**2 - 2*q + 2. Calculate the remainder when u(4) is divided by 7.
5
Suppose -5*z = 4*r - 3*r - 291, 4*z + 4*r = 220. What is the remainder when z is divided by 16?
11
Let f = -283 - -294. Let b(h) = h**3 + 3*h - 5. Let w(r) = r**2 + 1. Let p(a) = -b(a) - 2*w(a). What is the remainder when p(-3) is divided by f?
10
Let c(h) = -5*h - 4. Let m(j) = 2*j**2 + 54*j + 59. Calculate the remainder when c(-6) is divided by m(-26).
5
Let p be (4/3)/(2/3). Suppose z + a - 20 = -3*a, -8 = -p*a. Suppose -z*s - 75 = -9*s. What is the remainder when 26 is divided by s?
11
Let q(y) = y**3 - 4*y + 7. Suppose 6*f = 8*f - 44. Calculate the remainder when f is divided by q(2).
1
Let o(a) = 6*a + 15. Calculate the remainder when 110 is divided by o(6).
8
Let d(c) = 1. Let f(l) = -l**2 + 13*l - 32. Let t(i) = -5*d(i) - f(i). Calculate the remainder when 16 is divided by t(11).
1
Let j(c) = 33*c - 112. What is the remainder when j(4) is divided by 11?
9
Let o be (-6)/4*56/(-21). Suppose -o*p + 0 = 4. What is the remainder when 55 is divided by ((-18 - 1)/p)/1?
17
Suppose 5*l = -n + 167, 4*n + 0*l - l - 689 = 0. Suppose h - n = -28. Suppose -4*y = -h + 20. What is the remainder when y is divided by 8?
7
Let l(y) = 2*y**2 - 6*y - 2. Let n = 116 + -81. Calculate the remainder when l(10) is divided by n.
33
Let l(n) = 13*n + 7. Let j be l(-11). Calculate the remainder when 1/((-1)/(-52 - 1)) is divided by (-1)/(10/j) + 22/55.
11
Let b(s) = -5*s. Let z(j) = -j**2 + 28. Let o(r) = r**3 - 4*r**2 + 4*r - 3. Let f be o(3). What is the remainder when z(f) is divided by b(-2)?
8
Suppose -3*f = 4*c - c - 66, 2*c - 4*f = 20. Calculate the remainder when 107 is divided by c.
17
Let p = 3 - -1. Suppose p*x = 2*a - 63 - 185, -5*x = -a + 112. Calculate the remainder when 76 is divided by 20/(-50) + a/5.
24
Suppose 4*l + 1500 = 4*z, 3*l - 1939 = -3*z - 784. Suppose -3*k + g + z - 136 = 0, -3*k - 5*g + 274 = 0. Calculate the remainder when k is divided by 29.
25
Let y be 9*(-2)/4*4/(-2). Let p = y - 8. Calculate the remainder when 3 is divided by p.
0
Let m(x) = -8*x + 4. Let c(a) = -57*a + 27. Let q(l) = 2*c(l) - 15*m(l). Let v be q(3). Suppose 3*y = -y + v. What is the remainder when 8 is divided by y?
2
Suppose 3*v = -4*h + 3231, -5*h + 12*v + 4033 = 10*v. Calculate the remainder when h is divided by 27.
24
Let g be (-8)/(-12) + 3/((-9)/38). Let q = g + 32. Suppose 4*h + 4*v = 300, -4*h = -v - 0*v - 315. What is the remainder when h is divided by q?
18
Let x = -11 - -8. Let g = 7 + x. Suppose -7*h + g*h = -75. Calculate the remainder when h is divided by 9.
7
Calculate the remainder when 2202 is divided by (-199)/(-4) + 180/(-240).
46
Let h be 381/(-9) + (2/(-3) - -1). Let t = 46 + h. Calculate the remainder when 22 is divided by t.
2
Let d(j) = -8*j - 3. Suppose 12 = -0*f + 3*f. Let m be d(f). Let l = -21 - m. What is the remainder when l is divided by 8?
6
Suppose -5*o + 400 = -0*o. Suppose 7*c = 8*c - 53. Let a = o - c. What is the remainder when 79 is divided by a?
25
Let h be (-8)/(-3) - (-10)/30. Suppose -h*o = -7*o + 8. Calculate the remainder when 2/6 - (-33)/9 is divided by o.
0
Let m(c) = -17*c**3 - 1. Suppose 2*f - 124 = 5*y - 8